[INFO] fetching crate x11nas 2.19.0...
[INFO] checking x11nas-2.19.0 against master#af3c6e733a40e671550e0f0f5aeecaa13772ba56 for pr-74989
[INFO] extracting crate x11nas 2.19.0 into /workspace/builds/worker-11/source
[INFO] validating manifest of crates.io crate x11nas 2.19.0 on toolchain af3c6e733a40e671550e0f0f5aeecaa13772ba56
[INFO] running `Command { std: "/workspace/cargo-home/bin/cargo" "+af3c6e733a40e671550e0f0f5aeecaa13772ba56" "read-manifest" "--manifest-path" "Cargo.toml", kill_on_drop: false }`
[INFO] started tweaking crates.io crate x11nas 2.19.0
[INFO] finished tweaking crates.io crate x11nas 2.19.0
[INFO] tweaked toml for crates.io crate x11nas 2.19.0 written to /workspace/builds/worker-11/source/Cargo.toml
[INFO] crate crates.io crate x11nas 2.19.0 already has a lockfile, it will not be regenerated
[INFO] running `Command { std: "/workspace/cargo-home/bin/cargo" "+af3c6e733a40e671550e0f0f5aeecaa13772ba56" "fetch" "--locked" "--manifest-path" "Cargo.toml", kill_on_drop: false }`
[INFO] running `Command { std: "docker" "create" "-v" "/var/lib/crater-agent-workspace/builds/worker-11/target:/opt/rustwide/target:rw,Z" "-v" "/var/lib/crater-agent-workspace/builds/worker-11/source:/opt/rustwide/workdir:ro,Z" "-v" "/var/lib/crater-agent-workspace/cargo-home:/opt/rustwide/cargo-home:ro,Z" "-v" "/var/lib/crater-agent-workspace/rustup-home:/opt/rustwide/rustup-home:ro,Z" "-e" "SOURCE_DIR=/opt/rustwide/workdir" "-e" "CARGO_TARGET_DIR=/opt/rustwide/target" "-e" "CARGO_HOME=/opt/rustwide/cargo-home" "-e" "RUSTUP_HOME=/opt/rustwide/rustup-home" "-w" "/opt/rustwide/workdir" "-m" "1610612736" "--user" "0:0" "--network" "none" "rustops/crates-build-env@sha256:d92eaeed33fa75130ca1ee6c8a01d1ffb62bac859dfdfb3450e3e5d1c0146529" "/opt/rustwide/cargo-home/bin/cargo" "+af3c6e733a40e671550e0f0f5aeecaa13772ba56" "metadata" "--no-deps" "--format-version=1", kill_on_drop: false }`
[INFO] [stdout] 551dfbc66174de4b9fa330159cc2c1583f5333fa38ca37f4701876b5321d0d3e
[INFO] [stderr] WARNING: Your kernel does not support swap limit capabilities or the cgroup is not mounted. Memory limited without swap.
[INFO] running `Command { std: "docker" "start" "-a" "551dfbc66174de4b9fa330159cc2c1583f5333fa38ca37f4701876b5321d0d3e", kill_on_drop: false }`
[INFO] running `Command { std: "docker" "inspect" "551dfbc66174de4b9fa330159cc2c1583f5333fa38ca37f4701876b5321d0d3e", kill_on_drop: false }`
[INFO] running `Command { std: "docker" "rm" "-f" "551dfbc66174de4b9fa330159cc2c1583f5333fa38ca37f4701876b5321d0d3e", kill_on_drop: false }`
[INFO] [stdout] 551dfbc66174de4b9fa330159cc2c1583f5333fa38ca37f4701876b5321d0d3e
[INFO] running `Command { std: "docker" "create" "-v" "/var/lib/crater-agent-workspace/builds/worker-11/target:/opt/rustwide/target:rw,Z" "-v" "/var/lib/crater-agent-workspace/builds/worker-11/source:/opt/rustwide/workdir:ro,Z" "-v" "/var/lib/crater-agent-workspace/cargo-home:/opt/rustwide/cargo-home:ro,Z" "-v" "/var/lib/crater-agent-workspace/rustup-home:/opt/rustwide/rustup-home:ro,Z" "-e" "SOURCE_DIR=/opt/rustwide/workdir" "-e" "CARGO_TARGET_DIR=/opt/rustwide/target" "-e" "CARGO_INCREMENTAL=0" "-e" "RUST_BACKTRACE=full" "-e" "RUSTFLAGS=--cap-lints=forbid" "-e" "CARGO_HOME=/opt/rustwide/cargo-home" "-e" "RUSTUP_HOME=/opt/rustwide/rustup-home" "-w" "/opt/rustwide/workdir" "-m" "1610612736" "--user" "0:0" "--network" "none" "rustops/crates-build-env@sha256:d92eaeed33fa75130ca1ee6c8a01d1ffb62bac859dfdfb3450e3e5d1c0146529" "/opt/rustwide/cargo-home/bin/cargo" "+af3c6e733a40e671550e0f0f5aeecaa13772ba56" "check" "--frozen" "--all" "--all-targets" "--message-format=json", kill_on_drop: false }`
[INFO] [stdout] 6ca9acf1feaf03fde76e12e5e2ccfbf8304cee8b11ef956e67617cfcb5ad476b
[INFO] [stderr] WARNING: Your kernel does not support swap limit capabilities or the cgroup is not mounted. Memory limited without swap.
[INFO] running `Command { std: "docker" "start" "-a" "6ca9acf1feaf03fde76e12e5e2ccfbf8304cee8b11ef956e67617cfcb5ad476b", kill_on_drop: false }`
[INFO] [stderr]    Compiling libc v0.2.74
[INFO] [stderr]    Compiling pkg-config v0.3.18
[INFO] [stderr]    Compiling x11nas v2.19.0 (/opt/rustwide/workdir)
[INFO] [stdout] error[E0463]: can't find crate for `x11`
[INFO] [stdout]  --> examples/hello-world.rs:8:1
[INFO] [stdout]   |
[INFO] [stdout] 8 | extern crate x11;
[INFO] [stdout]   | ^^^^^^^^^^^^^^^^^ can't find crate
[INFO] [stdout] 
[INFO] [stdout] 
[INFO] [stdout] error[E0463]: can't find crate for `x11`
[INFO] [stdout]  --> examples/xrecord.rs:7:1
[INFO] [stdout]   |
[INFO] [stdout] 7 | extern crate x11;
[INFO] [stdout]   | ^^^^^^^^^^^^^^^^^ can't find crate
[INFO] [stdout] 
[INFO] [stdout] 
[INFO] [stdout] error[E0463]: can't find crate for `x11`
[INFO] [stdout]   --> examples/input.rs:13:1
[INFO] [stdout]    |
[INFO] [stdout] 13 | extern crate x11;
[INFO] [stdout]    | ^^^^^^^^^^^^^^^^^ can't find crate
[INFO] [stdout] 
[INFO] [stdout] 
[INFO] [stderr] error: could not compile `x11nas`.
[INFO] [stdout] error: aborting due to previous error
[INFO] [stdout] 
[INFO] [stdout] 
[INFO] [stderr] 
[INFO] [stdout] For more information about this error, try `rustc --explain E0463`.
[INFO] [stdout] 
[INFO] [stderr] To learn more, run the command again with --verbose.
[INFO] [stdout] error: aborting due to previous error
[INFO] [stdout] 
[INFO] [stdout] 
[INFO] [stderr] warning: build failed, waiting for other jobs to finish...
[INFO] [stdout] For more information about this error, try `rustc --explain E0463`.
[INFO] [stdout] 
[INFO] [stdout] error: aborting due to previous error
[INFO] [stdout] 
[INFO] [stdout] 
[INFO] [stdout] For more information about this error, try `rustc --explain E0463`.
[INFO] [stdout] 
[INFO] [stderr] error: build failed
[INFO] running `Command { std: "docker" "inspect" "6ca9acf1feaf03fde76e12e5e2ccfbf8304cee8b11ef956e67617cfcb5ad476b", kill_on_drop: false }`
[INFO] running `Command { std: "docker" "rm" "-f" "6ca9acf1feaf03fde76e12e5e2ccfbf8304cee8b11ef956e67617cfcb5ad476b", kill_on_drop: false }`
[INFO] [stdout] 6ca9acf1feaf03fde76e12e5e2ccfbf8304cee8b11ef956e67617cfcb5ad476b
